f z and 297.
9
Suppose 0*j = -j + 27. Let r(s) = -72*s - 3699. Let t be r(-53). What is the highest common divisor of t and j?
9
Suppose 4*a - 20 = -4*r, 5*a = 8 + 2. Let v be 1 + (-1 + 1/r)*-3. Suppose -6*m + v*m = -48. What is the greatest common divisor of 48 and m?
16
Suppose 108*a - 982099 - 414665 = 0. What is the highest common divisor of a and 54?
27
Let l(n) = -2*n - n + 0*n - 2*n - 8. Let r be l(-6). Let q = 74 + -30. Calculate the highest common factor of r and q.
22
Let y = -53 - -53. Suppose -8 = -y*f - 2*f. Suppose 2*p + 6 = -4*h - 0, -2*p - 14 = -f*h. What is the greatest common divisor of h and 1?
1
Let g = -21 - -39. Let b = -37 + 39. Suppose 0 = -h - h + b*t, -2*h = t - 6. What is the greatest common divisor of g and h?
2
Suppose 4 = j, -67 = 5*a - 8*a - j. Calculate the highest common factor of a and 1701.
21
Let g = -7 + 23. Let y(a) = -72*a + 134*a - g - 78*a. Let o be y(-17). Calculate the greatest common divisor of 32 and o.
32
Let s = 66 + -120. Let q = 87 + s. Suppose -x + 23 = -3*t, -4*x + 7*x + 4*t - 17 = 0. What is the highest common factor of q and x?
11
Suppose 475*u - 15660 = 445*u. What is the greatest common divisor of u and 1334?
58
Suppose -4*h = 5*x - 2913, -2*x + 1465 = h + 298. What is the greatest common divisor of x and 455?
65
Let c be (-7)/((-7)/(-2)) + (15 - -169). What is the highest common factor of 312 and c?
26
Suppose r - 2*r = 2*i - 559, 5*i = 4*r + 1404. Let q = -5081 + 5121. What is the greatest common divisor of i and q?
40
Suppose 0 = 4*i - 5*z - 22, -5*i + 4*z = -102 + 70. What is the highest common divisor of i and 856?
8
Let r(w) = 4990*w**2 - 85*w + 175. Let f be r(2). What is the greatest common divisor of 15 and f?
15
Suppose -4*w - 10*y + 6*y = -316, -5*w + 5*y + 375 = 0. Calculate the greatest common divisor of w and 2233.
77
Let k be 555/(-60)*11/(-1)*4. Suppose 3*z + 3 - 12 = -2*t, -5*z - 5 = 0. Suppose t*y - 13 = k. What is the greatest common factor of 28 and y?
14
Suppose 0 = -4*n - 2*b + 78, -n + 13 = 4*b - 10. Let i = 113 + 58. What is the greatest common factor of i and n?
19
Suppose 3*m = 3*p - m - 722, 5*m + 10 = 0. Suppose 6*j = 20 + 28. Let g be 8/(j/3) - -11. Calculate the highest common divisor of p and g.
14
Let q = -149 - 25. Let n(d) = -4*d**2 + 7*d + 6. Let i be n(-4). Let m = i - q. What is the greatest common factor of 11 and m?
11
Let p be (0 - 15)/((-1)/(-2)). Let o(d) = 45*d + 804. Let k be o(-18). Let r be 3/1 + p/18*k. What is the highest common factor of 143 and r?
13
Let a(g) = g**2 + 5*g + 2. Let q be a(-3). Suppose 96*r = 63*r - 330. Let j = q - r. What is the highest common factor of 12 and j?
6
Let p = 54 - 49. Suppose 10*n - 7*n - 150 = 0. Let f be n/((-4)/(1 - p)) + 0. What is the highest common divisor of f and 30?
10
Suppose 2*a = -5*h + 29325, -29305 = -5*h - 91*a + 93*a. Calculate the highest common divisor of h and 164.
41
Let p = 387 + -219. Let z be (p/140)/(3/20). What is the highest common factor of 128 and z?
8
Suppose 0 = 26*m + 752 - 1740. Suppose -5*r = -5*q - 0*r - 20, -5*q = r + 20. Let s be 802/14 + q/14. Calculate the highest common divisor of m and s.
19
Let i = -377 - -4120. Calculate the highest common divisor of 19 and i.
19
Let t = 3474 - 3435. Let x be 52 - (2/(-1) - -2). What is the highest common divisor of t and x?
13
Let w be 3 - (-412)/8 - (-19)/(-38). Calculate the highest common factor of 594 and w.
54
Let w be ((-16)/(-8 + 4) - -33) + 10 + -8. What is the highest common factor of 10491 and w?
39
Suppose 97*k - 89274 + 28279 = 25432. Calculate the highest common factor of 132 and k.
33
Suppose -2*w + 92 = -4*n, -2*n - n + 4*w = 59. Let c be (n/15)/(5/(-15)). Calculate the greatest common factor of 25 and c.
5
Suppose -2138 = -5*o + 3*s, 4*o - 6*o + 857 = -3*s. Calculate the highest common factor of o and 61.
61
Suppose 2*v = -12102 + 12202. Calculate the highest common divisor of v and 510.
10
Let v(i) = 5*i - 17. Let t be v(4). Let k be (-212)/(-10) + t/(-15). Suppose k*z + 4 = 23*z. What is the greatest common divisor of 2 and z?
2
Let u(d) = -d**3 + d + 91. Let h be u(0). Let x = 256 - 243. Suppose 0 = b - x - 0. Calculate the greatest common divisor of h and b.
13
Let p = 3613 - 3572. What is the highest common divisor of 4 and p?
1
Let i = -3752 + 3862. Calculate the highest common factor of 23705 and i.
55
Suppose -11*b + 3216 - 48 = 0. Calculate the highest common factor of b and 117.
9
Let l be (-18)/(-78) + 426420/195. What is the highest common factor of l and 81?
81
Suppose 0*d + 2808 = 8*d. Suppose 2578 + 737 = 85*q. Calculate the highest common divisor of q and d.
39
Suppose 10 = 2*n, 5*n - 990 = -5*h + 1605. Suppose -h*q = -513*q - 24. Calculate the highest common factor of 48 and q.
24
Let h = -1158 - -1159. Calculate the highest common divisor of h and 59.
1
Suppose -12*d - 1220 = -134*d. Calculate the greatest common factor of 355 and d.
5
Let a be (-902)/(-205) - 2/5. Let l be 3 + 10/(-15)*(-4974)/a. Calculate the greatest common factor of 64 and l.
64
Let p be -8 + -5 + 6 - -11. Suppose -6*d - 15 = -3*d, 0 = -p*z + 3*d + 399. Calculate the greatest common factor of 12 and z.
12
Let c = -2993 + 3591. Calculate the greatest common factor of 52 and c.
26
Suppose -26 + 126 = 4*b. Let d = -13040 + 13080. What is the greatest common divisor of d and b?
5
Let o(x) = -7*x + 241. Let j be o(-9). Let q = 384 - j. Let p(w) = -w**2 - 8*w - 6. Let f be p(-4). What is the greatest common factor of q and f?
10
Let u = 3546 + -3474. What is the greatest common factor of 810 and u?
18
Suppose -2*i - 48 = -62, -3*v + 19713 = 3*i. Calculate the highest common factor of 36 and v.
12
Let y be (10 - (-860)/(-80)) + (-4023)/(-4). Calculate the greatest common factor of 134 and y.
67
Let z be (6080/4)/(-3 + 2). Let r be (-6)/(-39) - z/260. Calculate the highest common factor of r and 3.
3
Let z be (-4)/3*(24 - 147). What is the greatest common divisor of z and 3854?
82
Suppose 3*w + 3 = 4*q, 4*w - 12 = -0*w. Let n be q/(9/534) - -1. Let u = -47 + n. Calculate the greatest common divisor of u and 12.
12
Suppose -2*l + 10 - 2 = 0. Suppose 0 = -l*n + 37 + 19. Let p(f) = -10*f + 224. Let z be p(7). What is the greatest common divisor of n and z?
14
Let k(g) = 40*g - 315. Let i be k(8). Let h be (-7 + 8 - i)/(2/(-11)). Calculate the greatest common divisor of h and 572.
22
Let y = -99 - -57. Let i = y + 77. Calculate the highest common factor of 70 and i.
35
Let z(x) = -6*x + 5. Let h be z(-4). Let q = h + -2. Suppose 28*j - 247 = 175 + 334. Calculate the highest common factor of j and q.
27
Let s(z) = -z**3 - 41*z**2 - 9*z - 313. Let h be s(-41). Calculate the greatest common divisor of h and 1372.
28
Suppose 232 = -4*a + 8*a. Suppose -9*w + 4*w + 5*p = -295, -4*w + 3*p = -235. What is the greatest common divisor of a and w?
58
Let g be 1 + -4 + (2/4)/((-1)/(-3516)). What is the highest common factor of g and 10179?
351
Let c = 8081 - 6007. Calculate the greatest common factor of c and 136.
34
Let s be (-1 - -5)*6*(-4)/(-24). Suppose 4*m + m - 48 = -s*f, 0 = -f - 2*m + 15. Calculate the highest common factor of f and 301.
7
Let d(j) = 18*j - 143. Let o be d(22). Calculate the highest common divisor of o and 154.
11
Suppose 4*u = -2*q - 1770, 0 = -u - q - 407 - 36. Let t = u + 598. Let w = 177 - 125. Calculate the highest common factor of t and w.
52
Let f = 80 - 239. Let x = -44 - f. Let d = x - 87. What is the greatest common divisor of 28 and d?
28
Let n = -7950 + 8438. Calculate the highest common divisor of 1891 and n.
61
Let r(w) = -w**3 + 26*w**2 - 10*w - 1070. Let j be r(23). Calculate the greatest common divisor of 133 and j.
7
Let m = 106 + -48. Let c = 58 - m. Suppose c = u - 3*u + 210. Calculate the highest common divisor of 70 and u.
35
Let s = 679 - 430. Suppose s - 54 = -h. Let k = h + 393. What is the greatest common factor of 18 and k?
18
Suppose -6045*x + 6036*x = -486. Calculate the highest common factor of 297 and x.
27
Suppose 4*l = -5*h - 1529, -h + 3*h + 764 = -2*l. Let q = l + 382. What is the highest common divisor of 101 and q?
1
Suppose -65062*d = -65027*d - 901775. Calculate the highest common factor of 5 and d.
5
Let o(x) = x - 4. Let w be o(6). Suppose 0 = 2*z + 2*b - 1398, -2*b - 714 = 5*z - 6*z.